{"id":75,"date":"2022-11-19T14:32:23","date_gmt":"2022-11-19T13:32:23","guid":{"rendered":"http:\/\/agidlac.cluster029.hosting.ovh.net\/?page_id=75"},"modified":"2023-01-13T14:59:45","modified_gmt":"2023-01-13T13:59:45","slug":"adherez","status":"publish","type":"page","link":"https:\/\/hbte.fr\/index.php\/adherez\/","title":{"rendered":"Adh\u00e9rez"},"content":{"rendered":"\t\t<div data-elementor-type=\"wp-page\" data-elementor-id=\"75\" class=\"elementor elementor-75\">\n\t\t\t\t\t\t\t\t\t<section class=\"elementor-section elementor-top-section elementor-element elementor-element-9adc9af elementor-section-stretched elementor-section-boxed elementor-section-height-default elementor-section-height-default\" data-id=\"9adc9af\" data-element_type=\"section\" data-settings=\"{&quot;stretch_section&quot;:&quot;section-stretched&quot;}\">\n\t\t\t\t\t\t<div class=\"elementor-container elementor-column-gap-default\">\n\t\t\t\t\t<div class=\"elementor-column elementor-col-100 elementor-top-column elementor-element elementor-element-14261f6\" data-id=\"14261f6\" data-element_type=\"column\">\n\t\t\t<div class=\"elementor-widget-wrap elementor-element-populated\">\n\t\t\t\t\t\t\t\t<div class=\"elementor-element elementor-element-61dd1ea elementor-button-info elementor-align-center elementor-widget elementor-widget-button\" data-id=\"61dd1ea\" data-element_type=\"widget\" data-widget_type=\"button.default\">\n\t\t\t\t<div class=\"elementor-widget-container\">\n\t\t\t\t\t<div class=\"elementor-button-wrapper\">\n\t\t\t<a href=\"https:\/\/www.helloasso.com\/associations\/haut-bearn-transition-energetique\" class=\"elementor-button-link elementor-button elementor-size-sm\" role=\"button\">\n\t\t\t\t\t\t<span class=\"elementor-button-content-wrapper\">\n\t\t\t\t\t\t<span class=\"elementor-button-text\">5\u20ac l'adh\u00e9sion \u00e0 HBTE.Cliquez ici pour adh\u00e9rer!<\/span>\n\t\t<\/span>\n\t\t\t\t\t<\/a>\n\t\t<\/div>\n\t\t\t\t<\/div>\n\t\t\t\t<\/div>\n\t\t\t\t<div class=\"elementor-element elementor-element-9e8c579 elementor-button-warning elementor-align-center elementor-widget elementor-widget-button\" data-id=\"9e8c579\" data-element_type=\"widget\" data-widget_type=\"button.default\">\n\t\t\t\t<div class=\"elementor-widget-container\">\n\t\t\t\t\t<div class=\"elementor-button-wrapper\">\n\t\t\t<a href=\"https:\/\/hbte.fr\/wp-content\/uploads\/2023\/01\/Bulletin-Adhesion-HBTE-2021.pdf\" target=\"_blank\" class=\"elementor-button-link elementor-button elementor-size-sm\" role=\"button\">\n\t\t\t\t\t\t<span class=\"elementor-button-content-wrapper\">\n\t\t\t\t\t\t<span class=\"elementor-button-text\">Bon d'adh\u00e9sion PDF \u00e0 imprimer<\/span>\n\t\t<\/span>\n\t\t\t\t\t<\/a>\n\t\t<\/div>\n\t\t\t\t<\/div>\n\t\t\t\t<\/div>\n\t\t\t\t<div class=\"elementor-element elementor-element-b6afe89 elementor-widget elementor-widget-text-editor\" data-id=\"b6afe89\" data-element_type=\"widget\" data-widget_type=\"text-editor.default\">\n\t\t\t\t<div class=\"elementor-widget-container\">\n\t\t\t<style>\/*! elementor - v3.8.1 - 13-11-2022 *\/\n.elementor-widget-text-editor.elementor-drop-cap-view-stacked .elementor-drop-cap{background-color:#818a91;color:#fff}.elementor-widget-text-editor.elementor-drop-cap-view-framed .elementor-drop-cap{color:#818a91;border:3px solid;background-color:transparent}.elementor-widget-text-editor:not(.elementor-drop-cap-view-default) .elementor-drop-cap{margin-top:8px}.elementor-widget-text-editor:not(.elementor-drop-cap-view-default) .elementor-drop-cap-letter{width:1em;height:1em}.elementor-widget-text-editor .elementor-drop-cap{float:left;text-align:center;line-height:1;font-size:50px}.elementor-widget-text-editor .elementor-drop-cap-letter{display:inline-block}<\/style>\t\t\t\t<p>Notre association Haut B\u00e9arn Transition Energ\u00e9tique \u0153uvre, depuis sa naissance en 2014, pour la mise en place d\u2019<strong>\u00e9nergies renouvelables locales et \u00e0 participation citoyenne<\/strong>. Nous avons \u00e9galement \u00e0 c\u0153ur de promouvoir l\u2019efficacit\u00e9 et la sobri\u00e9t\u00e9 \u00e9nerg\u00e9tiques.<\/p><p>Apr\u00e8s le succ\u00e8s de la mise en place de la centrale photovolta\u00efque \u00e0 Eysus, voici que 3 autres projets sont en passe de se r\u00e9aliser sur Oloron et ses alentours<br \/>Nos projets b\u00e9n\u00e9ficient du soutien de la Communaut\u00e9 de Commune du Haut B\u00e9arn et de l\u2019Ademe. La R\u00e9gion Nouvelle Aquitaine nous accompagne \u00e9galement dans le cadre de l\u2019appel \u00e0 projets pour lequel nous avons \u00e9t\u00e9 retenus et qui pr\u00e9voit d\u2019abonder la souscription \u00e0 hauteur de 1 euro pour chaque euro souscrit par des citoyens.<\/p><p>Pour r\u00e9ussir ce pari, nous avons besoin d\u2019aller au contact de la population pour pr\u00e9senter nos projets, nos valeurs, dans l\u2019objectif de sensibiliser un maximum de citoyennes et citoyens pour leur permettre de prendre part \u00e0 cette belle aventure locale !<\/p><p class=\"has-black-color has-text-color has-medium-font-size\"><strong>Relocaliser l\u2019\u00e9nergie, en conna\u00eetre l\u2019origine et ma\u00eetriser sa consommation, font partie des d\u00e9fis que nous avons \u00e0 relever tous ensemble, devant les mutations sociales et environnementales en cours<\/strong><\/p><p>Si tu te reconnais dans nos actions, nous t\u2019invitons \u00e0 prendre contact avec nous, afin de\u00a0<strong>nous soutenir dans nos d\u00e9marches<\/strong>.<\/p><p>Nous recherchons notamment des personnes pour :<\/p><p>\u2013 tenir des stands lors de march\u00e9s et autres \u00e9v\u00e9nements festifs pour \u00eatre en contact avec les citoyens et leur pr\u00e9senter l\u2019opportunit\u00e9 que repr\u00e9sente une souscription \u00e0 B\u00e9arn Energies Citoyennes<br \/>\u2013 aider aux t\u00e2ches administratives et de gestion de l\u2019association<\/p><p>\u2013 pour les plus motiv\u00e9s, s\u2019impliquer dans le fonctionnement de la SAS de fa\u00e7on op\u00e9rationnelle et suivie<\/p><p><strong>Que vous ayez peu ou beaucoup de temps \u00e0 consacrer, le principal est de contribuer \u00e0 faire vivre le collectif, alors rejoignez-nous !<\/strong><\/p>\t\t\t\t\t\t<\/div>\n\t\t\t\t<\/div>\n\t\t\t\t\t<\/div>\n\t\t<\/div>\n\t\t\t\t\t\t\t<\/div>\n\t\t<\/section>\n\t\t\t\t\t\t\t<\/div>\n\t\t","protected":false},"excerpt":{"rendered":"<p>5\u20ac l&rsquo;adh\u00e9sion \u00e0 HBTE.Cliquez ici pour adh\u00e9rer! Bon d&rsquo;adh\u00e9sion PDF \u00e0 imprimer Notre association Haut B\u00e9arn Transition Energ\u00e9tique \u0153uvre, depuis sa naissance en 2014, pour la mise en place d\u2019\u00e9nergies renouvelables locales et \u00e0 participation citoyenne. Nous avons \u00e9galement \u00e0 c\u0153ur de promouvoir l\u2019efficacit\u00e9 et la sobri\u00e9t\u00e9 \u00e9nerg\u00e9tiques. Apr\u00e8s le succ\u00e8s de la mise en [&hellip;]<\/p>\n","protected":false},"author":1,"featured_media":0,"parent":0,"menu_order":0,"comment_status":"closed","ping_status":"closed","template":"","meta":{"om_disable_all_campaigns":false,"_mi_skip_tracking":false,"footnotes":""},"class_list":["post-75","page","type-page","status-publish","hentry"],"aioseo_notices":[],"_links":{"self":[{"href":"https:\/\/hbte.fr\/index.php\/wp-json\/wp\/v2\/pages\/75","targetHints":{"allow":["GET"]}}],"collection":[{"href":"https:\/\/hbte.fr\/index.php\/wp-json\/wp\/v2\/pages"}],"about":[{"href":"https:\/\/hbte.fr\/index.php\/wp-json\/wp\/v2\/types\/page"}],"author":[{"embeddable":true,"href":"https:\/\/hbte.fr\/index.php\/wp-json\/wp\/v2\/users\/1"}],"replies":[{"embeddable":true,"href":"https:\/\/hbte.fr\/index.php\/wp-json\/wp\/v2\/comments?post=75"}],"version-history":[{"count":49,"href":"https:\/\/hbte.fr\/index.php\/wp-json\/wp\/v2\/pages\/75\/revisions"}],"predecessor-version":[{"id":1093,"href":"https:\/\/hbte.fr\/index.php\/wp-json\/wp\/v2\/pages\/75\/revisions\/1093"}],"wp:attachment":[{"href":"https:\/\/hbte.fr\/index.php\/wp-json\/wp\/v2\/media?parent=75"}],"curies":[{"name":"wp","href":"https:\/\/api.w.org\/{rel}","templated":true}]}}